{"id":105,"date":"2021-03-27T14:23:07","date_gmt":"2021-03-27T14:23:07","guid":{"rendered":"https:\/\/new.tabletop-syke.de\/?page_id=105"},"modified":"2021-03-28T16:44:06","modified_gmt":"2021-03-28T16:44:06","slug":"impressum","status":"publish","type":"page","link":"https:\/\/new.tabletop-syke.de\/?page_id=105","title":{"rendered":"Impressum"},"content":{"rendered":"\n<p><strong>Name und Anschrift<\/strong><\/p>\n\n\n\n<p> Tabletop Club Syke<\/p>\n\n\n\n<p>Marlon Fischbach<br>Auf der H\u00f6he 10<br>28857 Syke <\/p>\n\n\n\n<p><strong>E-Mail-Adresse<\/strong> marlonfischbach@aol.com<\/p>\n\n\n\n<h2 class=\"wp-block-heading\">Haftungsausschluss (Disclaimer)<\/h2>\n\n\n\n<h3 class=\"wp-block-heading\">Haftung f\u00fcr Inhalte<\/h3>\n\n\n\n<p>Als Diensteanbieter sind wir gem\u00e4\u00df \u00a7 7 Abs.1 TMG f\u00fcr eigene Inhalte auf diesen Seiten nach den allgemeinen Gesetzen verantwortlich. Nach \u00a7\u00a7 8 bis 10 TMG sind wir als Diensteanbieter jedoch nicht verpflichtet, \u00fcbermittelte oder gespeicherte fremde Informationen zu \u00fcberwachen oder nach Umst\u00e4nden zu forschen, die auf eine rechtswidrige T\u00e4tigkeit hinweisen. Verpflichtungen zur Entfernung oder Sperrung der Nutzung von Informationen nach den allgemeinen Gesetzen bleiben hiervon unber\u00fchrt. Eine diesbez\u00fcgliche Haftung ist jedoch erst ab dem Zeitpunkt der Kenntnis einer konkreten Rechtsverletzung m\u00f6glich. Bei Bekanntwerden von entsprechenden Rechtsverletzungen werden wir diese Inhalte umgehend entfernen.<\/p>\n\n\n\n<h3 class=\"wp-block-heading\">Haftung f\u00fcr Links<\/h3>\n\n\n\n<p>Unser Angebot enth\u00e4lt Links zu externen Webseiten Dritter, auf deren Inhalte wir keinen Einfluss haben. Deshalb k\u00f6nnen wir f\u00fcr diese fremden Inhalte auch keine Gew\u00e4hr \u00fcbernehmen. F\u00fcr die Inhalte der verlinkten Seiten ist stets der jeweilige Anbieter oder Betreiber der Seiten verantwortlich. Die verlinkten Seiten wurden zum Zeitpunkt der Verlinkung auf m\u00f6gliche Rechtsverst\u00f6\u00dfe \u00fcberpr\u00fcft. Rechtswidrige Inhalte waren zum Zeitpunkt der Verlinkung nicht erkennbar. Eine permanente inhaltliche Kontrolle der verlinkten Seiten ist jedoch ohne konkrete Anhaltspunkte einer Rechtsverletzung nicht zumutbar. Bei Bekanntwerden von Rechtsverletzungen werden wir derartige Links umgehend entfernen.<\/p>\n\n\n\n<h3 class=\"wp-block-heading\">Urheberrecht<\/h3>\n\n\n\n<p>Die durch die Seitenbetreiber erstellten Inhalte und Werke auf diesen Seiten unterliegen dem deutschen Urheberrecht. Die Vervielf\u00e4ltigung, Bearbeitung, Verbreitung und jede Art der Verwertung au\u00dferhalb der Grenzen des Urheberrechtes bed\u00fcrfen der schriftlichen Zustimmung des jeweiligen Autors bzw. Erstellers. Downloads und Kopien dieser Seite sind nur f\u00fcr den privaten, nicht kommerziellen Gebrauch gestattet. Soweit die Inhalte auf dieser Seite nicht vom Betreiber erstellt wurden, werden die Urheberrechte Dritter beachtet. Insbesondere werden Inhalte Dritter als solche gekennzeichnet. Sollten Sie trotzdem auf eine Urheberrechtsverletzung aufmerksam werden, bitten wir um einen entsprechenden Hinweis. Bei Bekanntwerden von Rechtsverletzungen werden wir derartige Inhalte umgehend entfernen.<\/p>\n\n\n\n<h3 class=\"wp-block-heading\">Datenschutz<\/h3>\n\n\n\n<p>Des Weiteren gilt unsere&nbsp;<a href=\"https:\/\/new.tabletop-syke.de\/?page_id=99\">Datenschutzerkl\u00e4rung<\/a>.<\/p>\n\n\n\n<p>Quellenangaben:&nbsp;<a href=\"http:\/\/www.e-recht24.de\/muster-disclaimer.html\">Disclaimer<\/a>&nbsp;von eRecht24, dem Portal zum Internetrecht von Rechtsanwalt S\u00f6ren Siebert.<\/p>\n\n\n\n<h2 class=\"wp-block-heading\">Rechte Dritter<\/h2>\n\n\n\n<p>Diese Webseite ist vollkommen inoffiziell und in keiner Weise von Games Workshop Limited unterst\u00fctzt.<br>Adeptus Astartes, Raumflotte Gothic, Black Flame, Black Library, das Black-Library-Logo, BL Publishing, Blood Angels, Bloodquest, Blood Bowl, das Blood-Bowl-Logo, das Blood-Bowl-Stachel-Emblem, Cadianer, Catachaner, das Chaos-Emblem, Stra\u00dfenkampf, das Chaos-Logo, Citadel, das Citadel-Emblem, Stadt der Verdammten, Codex, D\u00e4monenj\u00e4ger, Dark Angels, Dark Eldar, Dark Future, das Emblem des doppelk\u00f6pfigen Imperialen Adlers, &#8218;Eavy Metal, Eldar, die Eldar-Symbole, Epic, Occularis Terribus, das Auge des Schreckens, Fanatic, das Fanatic-Logo, das Fanatic-II-Logo, Fire Warrior, Feuerkrieger, Forge World, Games Workshop, das Games-Workshop-Logo, Symbiont, Golden Demon, Gorkamorka, der Gro\u00dfe Verpester, das Hammer-des-Sigmar-Logo, das Geh\u00f6rnte-Ratte-Logo, Inferno, Inquisitor, das Inquisitor-Logo, das Inquisitor-Emblem, Inquisitor:Conspiracies, H\u00fcter der Geheimnisse, Khemri, Khorne, das Khorne-Logo, Kroot, Herrscher des Wandels, Marauder, Chaosbarbar, Mordheim, Mortheim, das Mordheim-Logo, das Mortheim-Logo, Necromunda, das Necromunda-Schablonen-Logo, das Necromunda-Plattenlogo, Necron, Nurgle, das Nurgle-Logo, Ork, die Ork-Sch\u00e4delsymbole, Sisters of Battle, Sororitas, Skaven, die Skaven-Symbole, Slaanesh, das Slaanesh-Logo, Space Hulk, Space Marine, Space-Marine-Orden, Space-Marine-Ordenslogos, Talisman, Tau, die Tau-Kastenbezeichnungen, Gruftk\u00f6nige, Trio of Warriors, das Logo des zweischweifigen Kometen, Tyranid, Tyrannid, Tzeentch, das Tzeentch-Logo, Ultramarines, Warhammer, Warhammer Historical, Warhammer Online, das Warhammer-40.000-Emblem, das Warhammer-World-Logo, Warmaster, White Dwarf, das White-Dwarf-Logo und alle assoziierten Kennzeichenrechte (TM), Namen, V\u00f6lker, V\u00f6lker-Zeichen, Charaktere, Kreaturen, Fahrzeuge, Orte, Einheiten, Illustrationen und Bilder aus dem Blood-Bowl-Spiel, der Warhammer-Welt, der Talisman-Welt und dem Warhammer-40.000-Universum, sind entweder \u00ae, Kennzeichenrechte (TM) und\/oder \u00a9 Copyright Games Workshop Ltd 2000-2021, wenn zutreffend im Vereinigten K\u00f6nigreich und anderen L\u00e4ndern der Welt eingetragen. Benutzung ohne Genehmigung. Keine Anfechtung ihres Status. Alle Rechte liegen bei den entsprechenden Besitzern.<\/p>\n","protected":false},"excerpt":{"rendered":"<p>Name und Anschrift Tabletop Club Syke Marlon FischbachAuf der H\u00f6he 1028857 Syke E-Mail-Adresse marlonfischbach@aol.com Haftungsausschluss (Disclaimer) Haftung f\u00fcr Inhalte Als Diensteanbieter sind wir gem\u00e4\u00df \u00a7 7 Abs.1 TMG f\u00fcr eigene Inhalte auf diesen Seiten nach den allgemeinen Gesetzen verantwortlich. Nach \u00a7\u00a7 8 bis 10 TMG sind wir als Diensteanbieter jedoch nicht verpflichtet, \u00fcbermittelte oder gespeicherte [&hellip;]<\/p>\n","protected":false},"author":1,"featured_media":0,"parent":0,"menu_order":0,"comment_status":"closed","ping_status":"closed","template":"","meta":{"footnotes":""},"class_list":["post-105","page","type-page","status-publish","hentry"],"_links":{"self":[{"href":"https:\/\/new.tabletop-syke.de\/index.php?rest_route=\/wp\/v2\/pages\/105","targetHints":{"allow":["GET"]}}],"collection":[{"href":"https:\/\/new.tabletop-syke.de\/index.php?rest_route=\/wp\/v2\/pages"}],"about":[{"href":"https:\/\/new.tabletop-syke.de\/index.php?rest_route=\/wp\/v2\/types\/page"}],"author":[{"embeddable":true,"href":"https:\/\/new.tabletop-syke.de\/index.php?rest_route=\/wp\/v2\/users\/1"}],"replies":[{"embeddable":true,"href":"https:\/\/new.tabletop-syke.de\/index.php?rest_route=%2Fwp%2Fv2%2Fcomments&post=105"}],"version-history":[{"count":5,"href":"https:\/\/new.tabletop-syke.de\/index.php?rest_route=\/wp\/v2\/pages\/105\/revisions"}],"predecessor-version":[{"id":1245,"href":"https:\/\/new.tabletop-syke.de\/index.php?rest_route=\/wp\/v2\/pages\/105\/revisions\/1245"}],"wp:attachment":[{"href":"https:\/\/new.tabletop-syke.de\/index.php?rest_route=%2Fwp%2Fv2%2Fmedia&parent=105"}],"curies":[{"name":"wp","href":"https:\/\/api.w.org\/{rel}","templated":true}]}}